ime factors of 30237148?
2, 7559287
List the prime factors of 9036157.
13, 695089
List the prime factors of 40128.
2, 3, 11, 19
List the prime factors of 2998410.
2, 3, 5, 89, 1123
What are the prime factors of 464336?
2, 29021
What are the prime factors of 25125013?
83, 302711
List the prime factors of 307236.
2, 3, 25603
What are the prime factors of 4785288?
2, 3, 23, 8669
What are the prime factors of 1441824?
2, 3, 23, 653
List the prime factors of 1570993.
59, 26627
What are the prime factors of 195450?
2, 3, 5, 1303
List the prime factors of 1350383.
1350383
List the prime factors of 21918.
2, 3, 13, 281
What are the prime factors of 946394?
2, 473197
List the prime factors of 1207870.
2, 5, 43, 53
What are the prime factors of 2439407?
2439407
List the prime factors of 111050.
2, 5, 2221
List the prime factors of 10846099.
11, 41, 24049
List the prime factors of 606446.
2, 89, 3407
What are the prime factors of 135094?
2, 67547
List the prime factors of 218189.
37, 5897
List the prime factors of 15205370.
2, 5, 1520537
List the prime factors of 2137236.
2, 3, 178103
What are the prime factors of 5491?
17, 19
List the prime factors of 24659664.
2, 3, 257, 1999
What are the prime factors of 29827369?
11, 13, 167, 1249
List the prime factors of 1921947.
3, 640649
What are the prime factors of 12187727?
12187727
List the prime factors of 1742462.
2, 871231
List the prime factors of 3400605.
3, 5, 13, 5813
What are the prime factors of 103313?
7, 14759
List the prime factors of 1603108.
2, 13, 30829
What are the prime factors of 1594087?
11, 144917
List the prime factors of 171520.
2, 5, 67
List the prime factors of 11042727.
3, 31, 118739
What are the prime factors of 33605152?
2, 7, 71, 2113
List the prime factors of 1149447.
3, 13, 29473
What are the prime factors of 517439?
13, 53, 751
What are the prime factors of 15055?
5, 3011
List the prime factors of 2105878.
2, 1052939
List the prime factors of 441324.
2, 3, 13, 23, 41
List the prime factors of 619305.
3, 5, 19, 41, 53
List the prime factors of 246783.
3, 82261
What are the prime factors of 2562459?
3, 41, 83, 251
List the prime factors of 108843.
3, 7, 71, 73
List the prime factors of 52559.
13, 311
What are the prime factors of 1589177?
17, 93481
List the prime factors of 1291222.
2, 645611
List the prime factors of 244502.
2, 122251
What are the prime factors of 11156?
2, 2789
What are the prime factors of 10021101?
3, 3340367
List the prime factors of 116287.
103, 1129
What are the prime factors of 2151132?
2, 3, 179261
List the prime factors of 5699712.
2, 3, 14843
What are the prime factors of 35143?
113, 311
List the prime factors of 1543992.
2, 3, 64333
What are the prime factors of 26341584?
2, 3, 548783
List the prime factors of 519808.
2, 31, 131
What are the prime factors of 7778901?
3, 13, 67, 229
What are the prime factors of 171521?
7, 107, 229
List the prime factors of 80933.
80933
What are the prime factors of 33365227?
7, 109, 6247
What are the prime factors of 2865689?
59, 48571
List the prime factors of 403935.
3, 5, 7, 3847
What are the prime factors of 2550517?
457, 5581
List the prime factors of 733358.
2, 73, 5023
List the prime factors of 49503.
3, 29, 569
What are the prime factors of 473124?
2, 3, 89, 443
What are the prime factors of 190763?
190763
List the prime factors of 299224.
2, 113, 331
What are the prime factors of 9695905?
5, 67, 103, 281
What are the prime factors of 542223?
3, 11, 5477
What are the prime factors of 396081?
3, 7, 6287
What are the prime factors of 25944?
2, 3, 23, 47
List the prime factors of 4635268.
2, 11, 61, 157
What are the prime factors of 1567565?
5, 23, 43, 317
List the prime factors of 125525.
5, 5021
List the prime factors of 88.
2, 11
List the prime factors of 3843673.
59, 65147
List the prime factors of 3496582.
2, 1748291
What are the prime factors of 305612?
2, 76403
What are the prime factors of 64902?
2, 3, 29, 373
What are the prime factors of 8850632?
2, 7, 158047
What are the prime factors of 545679?
3, 60631
List the prime factors of 3036970.
2, 5, 83, 3659
What are the prime factors of 9449948?
2, 37, 67, 953
List the prime factors of 1086694.
2, 7, 77621
List the prime factors of 12048309.
3, 7, 13, 47, 313
What are the prime factors of 3442106?
2, 1259, 1367
List the prime factors of 2691963.
3, 299107
List the prime factors of 596276.
2, 149069
List the prime factors of 1441467.
3, 160163
What are the prime factors of 3121?
3121
What are the prime factors of 11221179?
3, 3740393
List the prime factors of 30895.
5, 37, 167
What are the prime factors of 29572026?
2, 3, 11, 167, 2683
List the prime factors of 449385.
3, 5, 29959
What are the prime factors of 5822949?
3, 11, 19, 37, 251
What are the prime factors of 1533140?
2, 5, 7, 47, 233
List the prime factors of 3533297.
17, 19, 10939
What are the prime factors of 167642?
2, 109, 769
What are the prime factors of 151783?
151783
What are the prime factors of 116161?
17, 6833
List the prime factors of 1175646.
2, 3, 53, 3697
What are the prime factors of 4293411?
3, 19, 75323
What are the prime factors of 516418?
2, 7, 36887
List the prime factors of 106377.
3, 59, 601
What are the prime factors of 4256866?
2, 41, 51913
List the prime factors of 3038896.
2, 7, 43, 631
What are the prime factors of 6295757?
13, 37253
What are the prime factors of 4431700?
2, 5, 7, 13, 487
What are the prime factors of 53168?
2, 3323
List the prime factors of 8929725.
3, 5, 7, 73, 233
List the prime factors of 228501.
3, 7, 13, 31
What are the prime factors of 594108?
2, 3, 5501
What are the prime factors of 220603?
29, 7607
List the prime factors of 4621632.
2, 3, 24071
What are the prime factors of 3291611?
31, 106181
List the prime factors of 2627273.
11, 21713
What are the prime factors of 180807?
3, 11, 5479
What are the prime factors of 23381636?
2, 1733, 3373
List the prime factors of 307108.
2, 76777
What are the prime factors of 6136966?
2, 11, 17, 61, 269
List the prime factors of 270527.
270527
List the prime factors of 1485378.
2, 3, 53, 173
List the prime factors of 15566.
2, 43, 181
What are the prime factors of 119719?
19, 6301
What are the prime factors of 9525242?
2, 821, 5801
List the prime factors of 723393.
3, 11, 7307
What are the prime factors of 580146?
2, 3, 7, 19, 727
List the prime factors of 5247977.
7, 749711
List the prime factors of 11231135.
5, 17, 71, 1861
What are the prime factors of 545766?
2, 3, 13, 6997
List the prime factors of 1088972.
2, 61, 4463
List the prime factors of 754871.
13, 58067
What are the prime factors of 123351?
3, 41117
List the prime factors of 89028.
2, 3, 2473
List the prime factors of 1221031.
7, 24919
What are the prime factors of 3125535?
3, 5, 7, 17, 103
List the prime factors of 2644926.
2, 3, 440821
What are the prime factors of 171535?
5, 7, 13, 29
What are the prime factors of 677121?
3, 29, 43, 181
What are the prime factors of 1528345?
5, 7, 13, 3359
What are the prime factors of 1386657?
3, 154073
What are the prime factors of 1023600?
2, 3, 5, 853
List the prime factors of 304103.
37, 8219
What are the prime factors of 160204?
2, 11, 331
List the prime factors of 2158899.
3, 719633
What are the prime factors of 6982175?
5, 367, 761
List the prime factors of 12360958.
2, 71, 87049
What are the prime factors of 3942207?
3, 127, 3449
List the prime factors of 315408.
2, 3, 6571
List the prime factors of 1926410.
2, 5, 19, 10139
List the prime factors of 4270420.
2, 5, 7, 11, 47, 59
What are the prime factors of 2217317?
2217317
What are the prime factors of 22445054?
2, 31, 43, 8419
List the prime factors of 118494.
2, 3, 29, 227
What are the prime factors of 13451037?
3, 523, 8573
List the prime factors of 500943.
3, 37, 4513
What are the prime factors of 10038948?
2, 3, 23, 36373
List the prime factors of 232414.
2, 7, 13, 1277
What are the prime factors of 497668?
2, 83, 1499
What are the prime factors of 12938064?
2, 3, 269543
List the prime factors of 6998602.
2, 13, 269177
List the prime factors of 55537.
19, 37, 79
What are the prime factors of 15084553?
11, 29, 47287
List the prime factors of 3992782.
2, 1996391
What are the prime factors of 5716325?
5, 137, 1669
List the prime factors of 6835